 1. Let m(i) be the second derivative of -3*i**4/4 + 2*i**3/3 - i**2 - 4*i. Let g(t) = -7*j(t) - 3*m(t). What is g(2)?
-1
Let u(r) = -r + 4. Suppose -40 = -7*s - 54. Determine u(s).
6
Let p = -6 + -1. Let f = p - -7. Let g(s) = 12 + s + f*s - 5 - 2*s. Give g(-7).
14
Let t(i) = -i**2 - 2. Let w(c) = -c**2 + 6*c - 7. Suppose -11 = 5*x - 26. Let p be w(x). Determine t(p).
-6
Let i = -11 + 7. Let d(s) = -s**2 - 7*s + 2. Let b be d(-7). Let m(f) = 5*f**b - 4 + 4*f**3 - 6*f - 3*f**3 + 7*f. Determine m(i).
8
Let i(t) = 6*t - 16. Let u(y) = 6*y - 19. Let n(b) = -6*i(b) + 5*u(b). What is n(9)?
-53
Let k(j) = -17*j - 18*j + 36*j + 29. Let y be k(-22). Let v(q) = q**2 - 6*q + 1. What is v(y)?
8
Let x(m) be the first derivative of 2*m**3/3 - 2*m**2 + 5*m - 18. Let r(i) = -i**2 + i - 1. Let y(z) = -4*r(z) - x(z). Calculate y(3).
17
Suppose 0 = -h - h + 86. Let y = -45 + h. Let x(f) = -f + 5*f - 6*f. What is x(y)?
4
Let s(d) be the second derivative of -5*d**4/24 + 2*d**3/3 - 7*d**2 - 11*d. Let h(j) be the first derivative of s(j). What is h(-4)?
24
Let k(y) be the third derivative of -y**4/24 - 3*y**3/2 + 2*y**2 + 8. Determine k(-6).
-3
Let s = 20 - 20. Let o(y) = -31 + y**2 + 28 + y + s*y**2. Give o(0).
-3
Let t(p) = -4*p + 1 - 5*p - 2*p + 13*p. Let n = -14 - -15. Suppose -s + n = g + 5, 0 = 5*s + 4*g + 21. Determine t(s).
-9
Let s(a) = -5*a**2 + 11*a + 5. Let q(d) = -6*d**2 + 14*d + 6. Let f(w) = 2*q(w) - 3*s(w). What is f(-3)?
39
Let o(x) = x**3 + 2*x**2 - 1. Let i = -22 + 33. Suppose -3*a = -4*h + 2*h + i, -5*a = -3*h + 19. Give o(h).
-1
Let p(a) = 22*a**2 + 1. Let l(v) = v**2 - 5*v - 151. Let i be l(15). Calculate p(i).
23
Let l(k) = 3. Let w be (4 + -6)*(0 + (-1 - -3)). Let a(o) = o**3 - 4. Let p(f) = w*a(f) - 5*l(f). Calculate p(1).
-3
Let n(q) = 7*q**3 + 4*q**2 + 25*q - 25. Let c(y) = -3*y**3 - 2*y**2 - 12*y + 12. Let h(m) = -9*c(m) - 4*n(m). Calculate h(4).
-8
Let f(p) = p + 1. Let v = -33 + 58. Suppose -6*k = -k + v. Give f(k).
-4
Suppose 4*r = 3*r + 4*t + 13, 22 = -2*r - 4*t. Let u(i) = 0*i**3 - 8*i**3 - 3*i - 3*i**2 + 7*i**3 - 2. Give u(r).
7
Let x(k) = 2*k**2 - 5*k + 3. Let l = 14 - 18. Let p(o) = -o**2 + 2*o - 1. Let j(b) = l*x(b) - 9*p(b). Let g(z) = -z**2 - 5*z + 2. Let v be g(-5). What is j(v)?
5
Let f(j) = -j - 2. Let u(h) = -h**2 + 8*h + 2. Let z be u(4). Let b be 7/42 + (-87)/z*-1. What is f(b)?
-7
Let q(i) = 0*i + 127 - 62 + 2*i + i + 0*i. Calculate q(-20).
5
Let y(g) = -9*g + 1. Let b be ((-24)/(-32))/(1/(-4)). Let i be 37/b + (-13)/(-39). Let z = i + 13. What is y(z)?
-8
Let p(t) be the first derivative of -t**2/2 - 5*t + 1. Let y(h) = 5*h + 46. Let i be y(-5). Let f = i - 25. Give p(f).
-1
Let b(y) = -y + y + 2*y**3 - 2*y**2 - 2*y - 1. Let z(o) = o**2 - o + 6. Let w be z(2). Suppose 6 = 2*p + w. Calculate b(p).
-3
Let l(v) = -5 + 0*v - v + 18. Let f be l(10). Let s(g) = -3 + 4 - 4*g + 14*g**f + 2*g - 9*g**3. What is s(1)?
4
Let v(l) = 3*l - 23. Let m(w) = -w**3 + 35*w**2 + 34*w + 79. Let n be m(36). Calculate v(n).
-2
Let y(z) be the first derivative of -9*z - 1/2*z**2 + 1/6*z**3 + 1. Let r(v) be the first derivative of y(v). Give r(3).
2
Let u(d) = 5*d**2 - 19*d**2 + 5*d**2 + 2*d + 8*d**2 - 6 + 2*d**2. Let g be 2/(1/(-5)*2). Determine u(g).
9
Let w(l) be the first derivative of -29*l**3/3 - l**2/2 - 527. What is w(1)?
-30
Let n(q) = 4. Let o(g) = 8*g + 12. Let y(v) = 6*n(v) - o(v). Give y(5).
-28
Let t(z) = z**3 + 2*z**2 - 3*z - 4. Let b = -9 - -24. Let y be 27/12 - b/(-20). Suppose j = y*j + 6. Calculate t(j).
-4
Let n(p) = 10 + 2*p**2 + 0 - 3*p**2. Let m be -1 - (-3)/(-6)*-10. Suppose -4*c + 5 = -c + q, 4*c - m*q = -20. Calculate n(c).
10
Let i(q) = 2*q**2 + 5*q. Let h(d) = -d**2 - 6*d. Let l(c) = 3*h(c) + 2*i(c). Let a(j) = j**2 + 9*j - 3. Let n be a(-10). Calculate l(n).
-7
Let z = -28 + 104. Let n = z - 80. Let s(p) = -p**3 - 4*p**2 + 3*p - 4. Give s(n).
-16
Let o(y) = y**3 - 18*y - 11. Let r be o(-4). Let f(z) = 3*z**3 + 4*z**2 - 2*z - 2. Calculate f(r).
-41
Let v(i) = -i**2 - 6*i - 1. Let f(j) = -6*j**2 - 21*j + 10. Let q(d) = -f(d) + 5*v(d). Calculate q(13).
37
Let c(h) be the second derivative of -h**4/4 - 2*h**3/3 - h**2/2 - 10*h - 7. What is c(-2)?
-5
Suppose 0 = -l + 5*v - 15, l + 10*v - 5*v - 15 = 0. Suppose l = -7*i + 4*i - 18. Let x(n) = -n - 6. Give x(i).
0
Let r = -146 + 143. Let j(i) = -4*i + 1. Give j(r).
13
Let x(r) be the third derivative of -r**4/6 - 20*r**3/3 + 828*r**2. What is x(-8)?
-8
Let n(a) = a**3 + a**2 - a. Let b(y) = 6*y**3 - 2*y. Let q(k) = -b(k) + n(k). Calculate q(-1).
5
Let c(m) be the third derivative of m**7/840 - m**6/60 + m**5/20 - 5*m**4/24 + m**3/3 - 11*m**2. Let i(v) be the first derivative of c(v). Determine i(4).
-13
Let m(b) be the third derivative of b**6/120 + b**5/6 + 3*b**4/8 + b**3/3 - 16*b**2 - 3. Determine m(-9).
2
Let u be 2 + -1*30/3. Let b(m) = m + 11. Let p(x) = -2*x - 23. Let w(d) = 13*b(d) + 6*p(d). Give w(u).
-3
Let a(n) = -n**2 + 8*n - 12. Suppose -8 = -5*l - 33, 36 = 4*c - 4*l. Let y be a(c). Let k(u) = -u**3 + 4*u**2 + 3. Calculate k(y).
3
Let n(d) = -11*d - 12. Suppose -u = 4*x + 62 - 14, 0 = 4*x - 3*u + 48. Let r(h) = -27*h - 30. Let i(v) = x*n(v) + 5*r(v). Determine i(-4).
6
Let y(u) = 9*u + 8. Let i(w) = 4*w + 3. Let a(v) = -13*i(v) + 6*y(v). What is a(-7)?
-5
Let d(b) = 26*b**2 - b + 1 + 11*b**2 - 36*b**2 + 5*b. Give d(3).
22
Let i(r) = 11*r**2 + 772*r**3 + 3*r + 2*r - 389*r**3 + 6*r + 7 - 382*r**3. What is i(-10)?
-3
Let y(a) = -a + 3. Let c(i) = i**2 + 15*i + 3. Let h(q) = -c(q) - 2*y(q). Give h(-12).
3
Let y(o) be the first derivative of 1/2*o**2 + 4/3*o**3 + 0*o + 15. Let w(j) = -j**3 + 3*j**2 - 2*j + 1. Let u be w(2). Determine y(u).
5
Let f be (-8)/(-6)*105/14. Let v = 14 + -10. Suppose -f + v = -t - 4*p, 5*t - 7 = 3*p. Let j(x) = -2*x. Determine j(t).
-4
Suppose 21 = 2*n - n. Suppose -5*t + 346 = n. Let d(h) = 0*h + 2*h + 64 - t. Give d(-5).
-11
Let g(i) be the first derivative of -2 - 1/3*i**3 + 0*i - i**2. Give g(-2).
0
Let h(n) be the first derivative of n**4/4 - 4*n**3/3 - n**2 - n - 44. Let b be 2/(-3) - (-14)/3. Determine h(b).
-9
Let f(r) = -r + 25. Let q(l) = 4*l - 74. Let u(b) = 13*f(b) + 4*q(b). Calculate u(-16).
-19
Let a(l) = l - 8. Let r be (-3 - -4 - -3) + 31. Suppose 216*n = 221*n - r. Calculate a(n).
-1
Let w(h) = -h**3 - 4*h**2 - 2*h - 4. Let m(u) = 9*u - 148. Let o be m(16). Determine w(o).
4
Suppose 0 = -2*o + o + 3. Let j(q) = q + o - q - 7 - q + q**3. Let f be 4/(-6) + 4/6. What is j(f)?
-4
Let n(r) = -r - 2*r - r + 3*r - 797988 + 797978. Let q be 2/5 + 4/(-10). Determine n(q).
-10
Suppose -6*z + z = -85. Suppose 4*d + 3*u - z = 0, -u = 5*d - 10 - 3. Let o(g) = 15*g**2 - g**3 - 2*g + 1 - 17*g**d + 1. Calculate o(-2).
6
Let y(r) be the first derivative of r**4/4 - 2*r**3/3 - 3*r**2/2 - 15. What is y(-2)?
-10
Let g(j) = -2*j**2 - 3*j + 2. Suppose -2*b - 3 = -5*u, b + 5 = 3*u + 4. Give g(b).
-18
Let q(k) = k - 7. Let g(s) be the second derivative of 0*s**2 - 1/2*s**4 + 1/20*s**5 + 1/6*s**3 + 0 + 11*s. Let i be g(6). What is q(i)?
-1
Suppose y = -12 + 21. Let x(s) = 12 + 6*s - y + 0*s**2 + s**2. Suppose -2*t = t + 12. Calculate x(t).
-5
Let p = -6 - -11. Let b(o) = 29*o**3 - 28*o**3 - 5*o**2 + 2*o + 1 - p. Determine b(5).
6
Let o(p) = -p**3 + 3*p**2 + 2. Let h(j) = 0*j**2 + j**2 - 1 + 3*j + 2 - 2. Let s be h(-4). Suppose 3*m - s*d = 4*m - 6, -3*m + 14 = 5*d. What is o(m)?
2
Let v(y) = 4*y - 3*y + 7 - 2*y. Let h be v(5). Let z(b) = -1 - 11*b**2 + 14*b**2 + 263*b - 264*b. Calculate z(h).
9
Let s(c) be the third derivative of -c**5/60 - 5*c**4/24 - c**3/6 - 2*c**2 - 88*c. What is s(-6)?
-7
Let b(a) = -21*a + 5. Let o(c) = -11*c + 3. Let s(z) = 6*b(z) - 11*o(z). What is s(2)?
-13
Suppose 63*v = 58*v - 20. Let d(q) = q + 4. What is d(v)?
0
Let b(z) = -z**3 + 4*z**2 - 2*z + 9. Let j be b(3). Let s(p) = 2*p + 9*p**2 + p - p**3 - 2 - j*p**2. Calculate s(-3).
-11
Suppose -8 - 20 = -4*f. Suppose -4*i - f = -35. Let j(k) = k - 10. Calculate j(i).
-3
Let t(j) = -1 + 0 - 2*j - j**2 + 2*j. Let u(h) be the third derivative of -h**5/10 - h**4/6 + h**3/3 - 2*h**2. Let r(b) = -5*t(b) + u(b). Determine r(-6).
-5
Let f be (288/45 + -4)/((-2)/(-5)). Let j(p) = -p + 8. Calculate j(f).
2
Let y(a) = -277 + 143 + a + 141 + 0*a. Give y(-13).
-6
Let h(s) = 4*s +